t the prime factors of y.
2
Let z be -1 - (9/(-27))/(1/15). Suppose 2*j - z*j + 6 = 0. Suppose -67 = -j*g - 4. List the prime factors of g.
3, 7
List the prime factors of 273/52*1876 + -3.
2, 3, 547
Suppose 19 = 8*a - 5. Suppose -150 = a*x + 12. What are the prime factors of x/(-8)*48/9?
2, 3
Let o = 18 - 4. Let c be o/(-63) + 1568/9. Suppose -10*t + 166 = -c. List the prime factors of t.
2, 17
Suppose -50875 = -h + 29*j - 28*j, -3*j = 5*h - 254367. List the prime factors of h.
2, 3, 61, 139
Let t = 179 + -47. Let r = t - -207. Suppose -8*b + 149 = -r. List the prime factors of b.
61
Suppose -3*v + v + 4 = 0, -6 = -5*b + 2*v. Suppose -27 = b*j - 33. Suppose -n = 3*s - 173, 2*n = -j*s - 2*n + 161. What are the prime factors of s?
59
Suppose 1489 = 5*s + 4*t, 3*t - 219 = -s + 70. Suppose 0 = -11*m + 10*m + s. What are the prime factors of m?
7, 43
Suppose -766 = -9*y + 71. Let l(d) = 98*d + 3. Let n be l(3). Suppose -y = 2*m - n. What are the prime factors of m?
2, 3, 17
List the prime factors of -3*(-18)/108*30726.
3, 569
Let v = 14 + -11. Suppose -2*u - r + 30 = -v*r, -u = 3*r - 3. Suppose u = 5*q - 143. List the prime factors of q.
31
Let l = 8794 - -17066. What are the prime factors of l?
2, 3, 5, 431
Let i = -10 + 16. Suppose -1028 - 1246 = -i*h. List the prime factors of h.
379
Let c(p) be the third derivative of 29*p**4/12 - p**3/6 - 4*p**2. Let o be c(2). Let q = -47 + o. What are the prime factors of q?
2, 17
Let k = -5996 - -28661. What are the prime factors of k?
3, 5, 1511
Let x(j) = 16*j**2 + 3 + 3*j - 4*j + 11 - 3*j - 5 - 7*j**3. List the prime factors of x(-5).
2, 163
Let z(b) = -37 + 4 + 7 - 89 - 67 + 37*b. List the prime factors of z(14).
2, 3, 7
Suppose 18 = -m + t, m + 22 = 5*t - 8. Let x(c) = 4*c**2 - 28*c + 14. List the prime factors of x(m).
2, 23, 29
Let j(k) = -k**2 + 6*k + 12. Let g(l) = l + 1. Let b(a) = 4*g(a) + j(a). Let c be b(11). What are the prime factors of c/(15/384) + (-10)/(-5)?
2, 5, 13
Suppose 0 = 4*x, 5*g - 68 - 82 = -3*x. List the prime factors of 11/(275/g)*(-2 - -22).
2, 3
Suppose 136*f - 134*f - 16682 = 0. What are the prime factors of f?
19, 439
Let q = 141 + 108. Suppose -2*o - 3*x + 341 + 154 = 0, -o - x = -q. List the prime factors of o.
2, 3, 7
Let h be -182*(-7)/(28/(-6)). List the prime factors of -4 + -1 - 11/(77/h).
2, 17
Suppose -5*f - 15 = 35. Let o(n) = -n + 26. Let p be o(f). Suppose -k + p = 5*h, 3*k - 2*k = 3*h + 52. List the prime factors of k.
2, 23
Suppose 3*o - 6282 = -4*t, 2*o = 7*o - 3*t - 10441. List the prime factors of o.
2, 5, 11, 19
List the prime factors of ((-60)/(-72))/(1/498).
5, 83
Suppose 35*r - 59788 = -75*r + 3242. What are the prime factors of r?
3, 191
Suppose -u + 9724 = 3*i, -2*i - 4*u + 6452 = -34. List the prime factors of i.
7, 463
Suppose -120*d + 10*d + 2633625 = -776375. What are the prime factors of d?
2, 5, 31
Let d = -5862 - -9038. Suppose 3*w - 4*g - d = 0, 3*w - 2449 = -g + 747. List the prime factors of w.
2, 7, 19
Let m = 1259 + 3077. What are the prime factors of m?
2, 271
Suppose 18*p - 23*p + 52835 = -5*g, 2*g + 4 = 0. List the prime factors of p.
5, 2113
Suppose 192 - 185 = 7*x. List the prime factors of (x - 1) + (-927)/(-27)*3.
103
Let o(n) = -2*n**3 + 14*n**2 - 8*n - 7. Let p be (-7)/14*(2 + -12). Suppose -4*f - 4*g + 5 = -11, -3*f + p*g + 28 = 0. What are the prime factors of o(f)?
17
Suppose 0 = -6*n - 3*f + 152124, 31*n - 30*n + 4*f - 25326 = 0. What are the prime factors of n?
2, 31, 409
Suppose -1700 = -6*r + 4203 + 6247. What are the prime factors of r?
3, 5
Suppose -5*y - k + 20 = 0, -3*y + 2*y + 5*k + 30 = 0. Suppose 2*v + 416 = y*z, -5*v - 2 = 13. List the prime factors of z - (5 + -3) - -3.
83
Suppose -24 = -2*w - 16. Suppose w*s + 760 = 4*m - 0*s, -4 = 4*s. Suppose -m - 12 = -3*v. List the prime factors of v.
67
Suppose -26*i + 378284 = 8*i. What are the prime factors of i?
2, 5563
Suppose -2*z = -2*q - 1322, -z + 60*q - 56*q + 670 = 0. List the prime factors of z.
2, 7, 47
Let y be (-2 + -6)*(-2)/4. Suppose -y*o = -3152 - 1120. What are the prime factors of o?
2, 3, 89
Let p(n) = 15*n - 69. Let u be p(11). Let x = u - -124. List the prime factors of x.
2, 5, 11
Let w(y) = 2*y - 18*y**2 - 34 - 2*y**3 - 4 + 3*y**3. Let x be w(18). What are the prime factors of 3 + x*16*-4?
131
Suppose -3*l - 3*j = 2*l + 2456, 3*l = -j - 1476. Let n = l - -232. List the prime factors of (0 - n) + (2 - 0).
263
Let r(w) = -2*w**2 - 5*w + 37. Let f(a) = -a**2 + 1. Let b(u) = 4*f(u) - r(u). Let g be b(-8). Let c = g + 319. What are the prime factors of c?
2, 59
Suppose -26 = -6*m + 46. Suppose 13*u - 135 = m*u. Suppose w - 91 - u = 0. List the prime factors of w.
2, 113
Suppose -61*i + 46*i = -301350. What are the prime factors of i?
2, 5, 7, 41
Let k = 206 - -8. Let d(i) = -2*i - 4. Let r be d(4). What are the prime factors of k*(r/(-8))/3?
107
Let j(s) = 8*s**3 - 4*s**2 + s + 2. Let k be (-2)/9 - 99/(-81). Suppose -3*l - 7 = -5*i, -i = -3*l - 0*l + k. List the prime factors of j(i).
2, 13
Suppose 4*o - 2 = -2*x, -3*x - 5*o + 18 = -2*o. Suppose s - x = -1. What are the prime factors of 2*(-4)/40 - (-972)/s?
97
Suppose 17 = -3*u - 2*m, -m + 6*m + 11 = 3*u. Let n be (u + -17)*(-6)/(-8). What are the prime factors of (-3 - n/10)*(-712)/6?
2, 89
Suppose -17 = -3*o + 7. Suppose -9*f = -8 + o. What are the prime factors of -2 - f - (2 + -149)?
5, 29
Let h = -861 - -865. Suppose -3*i = 2*g - 2168, 2*i + 1722 = h*g - 2646. What are the prime factors of g?
2, 5, 109
Suppose f + 3*h = 2475 + 1056, 2*f = 4*h + 7092. What are the prime factors of f?
2, 3, 5, 59
Let d(k) = 5*k + 68. Let o be d(-10). What are the prime factors of 10894/18 - 4/o?
5, 11
Let u = -5845 + 13820. What are the prime factors of u?
5, 11, 29
Let v(u) = -u**2 + 4*u**2 + 7 + 0*u**2 + 4*u + u**2. Let l be v(-2). Let m = 9 + l. What are the prime factors of m?
2, 3
Let u = 93 - -1129. Let t = u - 694. What are the prime factors of t?
2, 3, 11
Suppose b = -2*t + 12306, 41343 + 7815 = 4*b - 3*t. What are the prime factors of b?
2, 3, 683
Let y be (85/30)/(1/6). Suppose 2*w = y + 1. Suppose s + w = -3*v, -4*s + 4*v = -23 - 21. What are the prime factors of s?
2, 3
List the prime factors of 1038*(462/126)/(2/6).
2, 3, 11, 173
Let y(r) = 8714*r**2 + 42*r + 44. List the prime factors of y(-1).
2, 2179
Let a = -144 - -148. Suppose -a*s - 4*z + 2639 = -s, 5*s - 2*z - 4433 = 0. What are the prime factors of s?
3, 5, 59
Let k = -270 - -273. Suppose k*a = -2*j + 1370, -578 = -j - 3*a + 101. What are the prime factors of j?
691
Let j = -31405 + 44792. What are the prime factors of j?
11, 1217
Let o(m) = 6*m + 4. Suppose 3*v = -3*g + 6 + 12, -4*v = -4*g - 40. Let b be o(v). Suppose -b = y - 216. What are the prime factors of y?
2, 41
Let g(t) = -t**3 - t**2 + t + 87. Let j be g(0). Suppose -j*s + 92*s = 0. List the prime factors of (-1 + s/2)*(9 - 168).
3, 53
Suppose 97*s + 69157 = 2099464. List the prime factors of s.
3, 6977
Let k(w) = 2*w**3 - 9*w**2 - 11*w - 15. Let y be k(7). Suppose -2*g = -3*g - 4*x - 27, 0 = -3*g + 2*x - 25. Let u = y + g. What are the prime factors of u?
2, 71
Let p = 11567 - 5043. List the prime factors of p.
2, 7, 233
Let o = 3887 - -3504. List the prime factors of o.
19, 389
Let c(g) = 2*g - 16. Let d be c(7). Let k(a) = -a**2 + 18*a - 19. Let b be k(17). List the prime factors of 67/d*(b + 0).
67
List the prime factors of ((-60774)/(-189))/(2*2/6)*120.
2, 5, 1447
List the prime factors of ((-1)/(-2))/1 - 707009/(-254).
2, 3, 29
Suppose 24*l - 42*l = -548136. List the prime factors of l.
2, 23, 331
Let i = 349 + -67. Let r = i + -158. List the prime factors of r.
2, 31
Let z = 68 + -40. Suppose z = -p + 267. Suppose -2*t = -l - p, 17 = t - l - 102. What are the prime factors of t?
2, 3, 5
Let l(o) = 2*o**2 - 10*o**2 + 14*o + 7 - 6*o**2 + o**3. Let b = -73 - -86. List the prime factors of l(b).
2, 5
Suppose 0 = 3*l + 3*l - 120. Suppose 0 = 2*b + 12 - l. Suppose b*q = 4*h - 64, 2*h - 2*q - 33 = q. List the prime factors of h.
3, 5
Let k = -2909 - -16622. What are the prime factors of k?
3, 7, 653
Suppose 0 = -2*u - 9*u - 4686. Let v = -214 - u. List the prime factors of v.
2, 53
Let o = -362 + 369. Suppose o*t - 1647 = -2*t. What are the prime factors of t?
3, 61
Let g(w) = -7*w - 